d by 45?
42
What is the remainder when 1305 is divided by 22?
7
Calculate the remainder when 21 is divided by 12.
9
What is the remainder when 2030 is divided by 11?
6
Calculate the remainder when 456 is divided by 192.
72
Calculate the remainder when 474 is divided by 104.
58
Calculate the remainder when 369 is divided by 31.
28
Calculate the remainder when 139 is divided by 20.
19
What is the remainder when 343 is divided by 250?
93
Calculate the remainder when 199 is divided by 52.
43
What is the remainder when 62 is divided by 17?
11
Calculate the remainder when 5911 is divided by 5.
1
What is the remainder when 608 is divided by 51?
47
Calculate the remainder when 1911 is divided by 919.
73
Calculate the remainder when 471 is divided by 135.
66
Calculate the remainder when 3169 is divided by 43.
30
What is the remainder when 19237 is divided by 26?
23
What is the remainder when 3696 is divided by 2?
0
Calculate the remainder when 301 is divided by 19.
16
What is the remainder when 2308 is divided by 10?
8
What is the remainder when 735 is divided by 164?
79
Calculate the remainder when 234 is divided by 78.
0
What is the remainder when 107 is divided by 101?
6
Calculate the remainder when 10 is divided by 4.
2
What is the remainder when 258 is divided by 45?
33
Calculate the remainder when 35002 is divided by 46.
42
What is the remainder when 3295 is divided by 23?
6
What is the remainder when 93 is divided by 32?
29
Calculate the remainder when 10499 is divided by 100.
99
Calculate the remainder when 1294 is divided by 27.
25
Calculate the remainder when 725 is divided by 11.
10
What is the remainder when 318 is divided by 69?
42
Calculate the remainder when 4215 is divided by 37.
34
Calculate the remainder when 121 is divided by 33.
22
Calculate the remainder when 91 is divided by 23.
22
What is the remainder when 6107 is divided by 1525?
7
Calculate the remainder when 6569 is divided by 21.
17
What is the remainder when 539 is divided by 263?
13
Calculate the remainder when 16 is divided by 9.
7
Calculate the remainder when 357 is divided by 30.
27
What is the remainder when 202 is divided by 47?
14
What is the remainder when 222 is divided by 29?
19
Calculate the remainder when 293 is divided by 43.
35
What is the remainder when 123 is divided by 25?
23
What is the remainder when 205 is divided by 11?
7
What is the remainder when 26 is divided by 23?
3
What is the remainder when 649 is divided by 176?
121
What is the remainder when 1208 is divided by 101?
97
Calculate the remainder when 29 is divided by 24.
5
Calculate the remainder when 1199 is divided by 6.
5
What is the remainder when 25107 is divided by 18?
15
Calculate the remainder when 212 is divided by 6.
2
Calculate the remainder when 81 is divided by 14.
11
Calculate the remainder when 595 is divided by 120.
115
Calculate the remainder when 4966 is divided by 54.
52
What is the remainder when 629 is divided by 20?
9
Calculate the remainder when 50 is divided by 13.
11
Calculate the remainder when 377 is divided by 126.
125
Calculate the remainder when 1437 is divided by 555.
327
What is the remainder when 1496 is divided by 54?
38
Calculate the remainder when 85 is divided by 22.
19
What is the remainder when 1970 is divided by 18?
8
What is the remainder when 11039 is divided by 69?
68
Calculate the remainder when 5866 is divided by 168.
154
Calculate the remainder when 52 is divided by 14.
10
What is the remainder when 142 is divided by 29?
26
Calculate the remainder when 213 is divided by 5.
3
Calculate the remainder when 1032 is divided by 173.
167
Calculate the remainder when 90 is divided by 16.
10
What is the remainder when 1164 is divided by 363?
75
What is the remainder when 239 is divided by 19?
11
What is the remainder when 99 is divided by 18?
9
Calculate the remainder when 1247 is divided by 39.
38
Calculate the remainder when 2054 is divided by 29.
24
What is the remainder when 443 is divided by 15?
8
What is the remainder when 1277 is divided by 32?
29
Calculate the remainder when 2862 is divided by 15.
12
What is the remainder when 83 is divided by 11?
6
Calculate the remainder when 135 is divided by 13.
5
What is the remainder when 110 is divided by 17?
8
Calculate the remainder when 3048 is divided by 113.
110
What is the remainder when 15672 is divided by 15?
12
What is the remainder when 38 is divided by 6?
2
What is the remainder when 2101 is divided by 8?
5
What is the remainder when 69 is divided by 58?
11
Calculate the remainder when 6214 is divided by 8.
6
What is the remainder when 1347 is divided by 195?
177
What is the remainder when 102 is divided by 20?
2
What is the remainder when 729 is divided by 35?
29
Calculate the remainder when 4171 is divided by 39.
37
What is the remainder when 107 is divided by 22?
19
Calculate the remainder when 3826 is divided by 109.
11
Calculate the remainder when 14990 is divided by 24.
14
What is the remainder when 1694 is divided by 114?
98
What is the remainder when 818 is divided by 82?
80
What is the remainder when 27 is divided by 17?
10
What is the remainder when 1125 is divided by 29?
23
Calculate the remainder when 72 is divided by 33.
6
Calculate the remainder when 140 is divided by 47.
46
What is the remainder when 76 is divided by 25?
1
Calculate the remainder when 1790 is divided by 4.
2
What is the remainder when 113 is divided by 20?
13
Calculate the remainder when 10741 is divided by 158.
155
What is the remainder when 33 is divided by 6?
3
Calculate the remainder when 1930 is divided by 114.
106
Calculate the remainder when 271 is divided by 154.
117
What is the remainder when 3967 is divided by 49?
47
Calculate the remainder when 277 is divided by 70.
67
Calculate the remainder when 2126 is divided by 106.
6
What is the remainder when 2030 is divided by 146?
132
Calculate the remainder when 49 is divided by 13.
10
What is the remainder when 472 is divided by 338?
134
Calculate the remainder when 53 is divided by 34.
19
Calculate the remainder when 527 is divided by 176.
175
Calculate the remainder when 118 is divided by 35.
13
Calculate the remainder when 9080 is divided by 154.
148
Calculate the remainder when 9062 is divided by 19.
18
What is the remainder when 789 is divided by 190?
29
Calculate the remainder when 7897 is divided by 50.
47
What is the remainder when 140 is divided by 39?
23
Calculate the remainder when 913 is divided by 51.
46
Calculate the remainder when 97 is divided by 27.
16
What is the remainder when 172 is divided by 50?
22
Calculate the remainder when 260 is divided by 33.
29
Calculate the remainder when 673 is divided by 75.
73
Calculate the remainder when 122 is divided by 61.
0
Calculate the remainder when 351 is divided by 11.
10
What is the remainder when 1029 is divided by 37?
30
What is the remainder when 15639 is divided by 22?
19
What is the remainder when 18 is divided by 3?
0
What is the remainder when 1693 is divided by 15?
13
What is the remainder when 190 is divided by 65?
60
What is the remainder when 117 is divided by 26?
13
What is the remainder when 1130 is divided by 81?
77
Calculate the remainder when 607 is divided by 18.
13
What is the remainder when 5644 is divided by 2821?
2
What is the remainder when 511 is divided by 166?
13
Calculate the remainder when 18579 is divided by 17.
15
Calculate the remainder when 131 is divided by 70.
61
Calculate the remainder when 297 is divided by 48.
9
Calculate the remainder when 789 is divided by 11.
8
What is the remainder when 343 is divided by 89?
76
Calculate the remainder when 661 is divided by 23.
17
Calculate the remainder when 9196 is divided by 63.
61
What is the remainder when 123 is divided by 40?
3
What is the remainder when 710 is divided by 58?
14
What is the remainder when 2285 is divided by 9?
8
What is the remainder when 174 is divided by 46?
36
What is the remainder when 324 is divided by 110?
104
What is the remainder when 69 is divided by 3?
0
Calculate the remainder when 407 is divided by 12.
11
Calculate the remainder when 336 is divided by 19.
13
What is the remainder when 207 is divided by 25?
7
Calculate the remainder when 94 is divided by 12.
10
What is the remainder when 98 is d